ivide 207012?
False
Is 5707750 a multiple of 578?
True
Is 5824166 a multiple of 33?
False
Is 53 a factor of 974618?
False
Is 257264 a multiple of 18?
False
Does 24 divide 371298?
False
Is 228580 a multiple of 220?
True
Is 7617626 a multiple of 327?
False
Does 7 divide 82904?
False
Is 10 a factor of 5845670?
True
Is 147959 a multiple of 33?
False
Is 87345 a multiple of 135?
True
Is 229788 a multiple of 26?
True
Does 13 divide 377507?
True
Does 133 divide 42161?
True
Is 5722956 a multiple of 774?
True
Does 201 divide 870245?
False
Is 16 a factor of 85664?
True
Does 107 divide 1120250?
False
Is 14 a factor of 25868360?
True
Does 170 divide 377910?
True
Is 49152 a multiple of 96?
True
Does 13 divide 130702?
True
Does 899 divide 10023915?
False
Does 267 divide 724645?
False
Is 371649 a multiple of 164?
False
Is 644 a factor of 3625076?
True
Is 2692186 a multiple of 58?
True
Is 12 a factor of 156276?
True
Is 40998 a multiple of 8?
False
Is 16 a factor of 691600?
True
Is 937185 a multiple of 7?
False
Is 52690 a multiple of 5?
True
Does 55 divide 22888?
False
Is 139516 a multiple of 12?
False
Is 75 a factor of 24150?
True
Is 26 a factor of 454483?
False
Does 15 divide 499005?
True
Does 11 divide 914839?
False
Is 15 a factor of 2951985?
True
Does 22 divide 5675615?
False
Is 191745 a multiple of 323?
False
Does 482 divide 58458?
False
Does 12 divide 1322103?
False
Does 48 divide 211555?
False
Is 3262774 a multiple of 15?
False
Is 21 a factor of 169855?
False
Is 1084545 a multiple of 385?
True
Is 15 a factor of 896702?
False
Is 52760 a multiple of 10?
True
Is 2736151 a multiple of 251?
True
Does 5 divide 34072?
False
Is 247665 a multiple of 19?
True
Is 6779865 a multiple of 28?
False
Is 451 a factor of 8209102?
True
Does 13 divide 55939?
True
Is 86310 a multiple of 9?
True
Does 70 divide 1107120?
True
Is 263406 a multiple of 614?
True
Does 447 divide 619989?
True
Does 17 divide 18367?
False
Does 11 divide 38577?
True
Is 1069128 a multiple of 17?
False
Is 423852 a multiple of 19?
True
Does 3 divide 970447?
False
Is 267751 a multiple of 11?
True
Is 18 a factor of 3161214?
True
Is 23 a factor of 676683?
True
Is 14 a factor of 6044749?
False
Is 35 a factor of 5880?
True
Does 26 divide 1377723?
False
Does 73 divide 136155?
False
Does 108 divide 803572?
False
Is 130 a factor of 138272?
False
Is 69473 even?
False
Is 520824 a multiple of 12?
True
Is 430398 a multiple of 73?
False
Is 33 a factor of 5077683?
False
Is 2055348 a multiple of 27?
True
Is 281 a factor of 1175423?
True
Is 13 a factor of 1944185?
False
Does 62 divide 79109?
False
Is 235 a factor of 4927010?
True
Does 52 divide 774744?
False
Is 4895738 a multiple of 70?
False
Is 147014 a multiple of 81?
False
Does 26 divide 38298?
True
Is 513978 a multiple of 17?
True
Is 93 a factor of 436012?
False
Is 229 a factor of 489353?
False
Is 9775867 a multiple of 583?
False
Is 5 a factor of 47040?
True
Is 105539 even?
False
Does 247 divide 2093572?
True
Does 114 divide 809256?
False
Is 32 a factor of 115520?
True
Is 71 a factor of 631848?
False
Is 8692 a multiple of 128?
False
Does 54 divide 1056240?
True
Is 28 a factor of 313376?
True
Does 43 divide 3342965?
False
Is 13 a factor of 121381?
True
Is 7527545 a multiple of 445?
False
Does 689 divide 404443?
True
Is 41055 a multiple of 345?
True
Is 123 a factor of 17387702?
False
Is 74124 a multiple of 7?
False
Is 22 a factor of 12246171?
False
Does 7 divide 39991?
True
Is 2 a factor of 116649?
False
Does 18 divide 18581756?
False
Is 53 a factor of 17072?
False
Is 12 a factor of 873791?
False
Is 1231964 a multiple of 47?
True
Is 16068545 a multiple of 185?
True
Is 751288 a multiple of 370?
False
Is 5069851 a multiple of 263?
True
Does 547 divide 190356?
True
Does 1108 divide 1207808?
False
Is 81 a factor of 221947?
False
Is 209 a factor of 186010?
True
Is 9 a factor of 62235?
True
Does 53 divide 22546020?
False
Is 1183 a factor of 6065045?
False
Does 7 divide 186802?
True
Is 222867 a multiple of 194?
False
Does 203 divide 530642?
True
Does 120 divide 184440?
True
Is 17 a factor of 601920?
False
Does 133 divide 1664054?
False
Does 100 divide 119559?
False
Does 207 divide 170568?
True
Does 57 divide 1162857?
True
Is 107905 a multiple of 97?
False
Does 4 divide 350181?
False
Does 92 divide 1471540?
True
Does 20 divide 16456?
False
Does 31 divide 16120?
True
Is 6405 a multiple of 4?
False
Is 35433 a multiple of 9?
True
Does 135 divide 996721?
False
Is 45 a factor of 8550975?
False
Is 42 a factor of 175896?
True
Is 25429 a multiple of 142?
False
Is 87 a factor of 659222?
False
Does 1113 divide 11922456?
True
Is 1607531 a multiple of 506?
False
Is 2737926 a multiple of 74?
True
Is 1002 a factor of 241540?
False
Is 537516 a multiple of 63?
True
Is 974916 even?
True
Is 18 a factor of 436212?
True
Does 215 divide 3324545?
True
Is 54 a factor of 258768?
True
Is 1101000 a multiple of 250?
True
Is 54 a factor of 346896?
True
Does 62 divide 393192?
False
Is 297120 a multiple of 16?
True
Is 556 a factor of 1292700?
True
Is 113 a factor of 182608?
True
Does 17 divide 26377?
False
Is 155 a factor of 16809834?
False
Does 479 divide 1353175?
True
Is 1096523 a multiple of 419?
True
Does 41 divide 327271?
False
Is 30 a factor of 739743?
False
Does 31 divide 30721?
True
Does 128 divide 46592?
True
Is 645159 a multiple of 113?
False
Is 7829750 a multiple of 19?
False
Does 3 divide 16380?
True
Is 551734 a multiple of 46?
False
Is 2015386 a multiple of 868?
False
Is 10 a factor of 5422259?
False
Does 3 divide 491209?
False
Is 39 a factor of 5577?
True
Is 1491498 a multiple of 7?
False
Does 35 divide 43509795?
True
Is 19 a factor of 79952?
True
Is 60 a factor of 55384?
False
Does 43 divide 182505?
False
Does 65 divide 92885?
True
Is 457 a factor of 344633?
False
Is 635 a factor of 749300?
True
Is 58 a factor of 3004980?
True
Does 3 divide 6100?
False
Is 28 a factor of 37968?
True
Is 3910 even?
True
Is 13 a factor of 1459669?
False
Does 16 divide 5913856?
True
Is 20514 even?
True
Does 27 divide 245472?
False
Does 13 divide 456781?
True
Is 10399220 a multiple of 13?
True
Does 115 divide 214953?
False
Is 130 a factor of 55250?
True
Is 2972609 a multiple of 17?
False
Is 1396489 a multiple of 331?
True
Does 10 divide 18255?
False
Is 3 a factor of 7354846?
False
Does 8 divide 1761088?
True
Is 409 a factor of 22364846?
False
Is 1459083 a multiple of 417?
True
Is 44 a factor of 20698566?
False
Is 5096054 a multiple of 79?
False
Is 1303779 a multiple of 17?
False
Is 861681 a multiple of 111?
False
Is 13 a factor of 65452?
False
Does 76 divide 330624?
False
Is 265724 a multiple of 14?
False
Is 11803010 a multiple of 2180?
False
Does 295 divide 74340?
True
Does 230 divide 126730?
True
Does 18 divide 3518262?
True
Does 63 divide 417060?
True
Does 12 divide 4600572?
True
Is 67672 a multiple of 8?
True
Is 2005077 a multiple of 34?
False
Does 75 divide 3014303?
False
Is 12 a factor of 736788?
True
Is 1386707 a multiple of 292?
False
Does 32 divide 23680?
True
Is 347976 a multiple of 8?
True
Is 236564 a multiple of 8?
False
Does 126 divide 284388?
False
Does 79 divide 41159?
True
Is 165432 a multiple of 11?
False
Does 13 divide 1210741?
False
Is 7291664 a multiple of 74?
True
Is 178 a factor of 4678115?
False
Is 6514 a multiple of 3?
False
Is 23 a factor of 905003?
False
Does 18 divide 827154?
True
Is 257 a factor of 248068?
False
Does 387 divide 1049348?
False
Does 246 divide 20050476?
True
Does 1060 divide 6194915?
False
Is 75 a factor of 412650?
True
Does 32 divide 3455648?
True
Does 14 divide 10218544?
True
Is 1004306 a multiple of 14?
False
Does 76 divide 7747972?
True
Does 14 divide 12538260?
True
Is 76590 a multiple of 116?
False
Is 291 a factor of 2909127?
True
Is 152 a factor of 3535485?
False
Is 720 even?
True
Is 22 a factor of 96911?
False
Is 117 a factor of 850580?
False
Is 2216392 a multiple of 44?
False
Does 11 divide 1385668?
False
Does 762 divide 14080998?
True
Is 6 a factor of 33776?
False
Is 795972 a multiple of 200?
False
Is 567282 a multiple of 18?
False
Is 267 a factor of 2437444?
False
Does 2 divide 219250?
True
Does 12 divide 11160600?
True
Does 330 divide 1379070?
True
Does 42 divide 424410?
True
Is 948113 a multiple of 796?
False
Is 27335007 a multiple of 15?
False
Does 213 di